{"id":230,"date":"2019-07-08T21:07:03","date_gmt":"2019-07-08T20:07:03","guid":{"rendered":"https:\/\/wp.haffner.eu\/?page_id=230"},"modified":"2021-12-22T20:02:07","modified_gmt":"2021-12-22T19:02:07","slug":"hausbeschreibung","status":"publish","type":"page","link":"https:\/\/haffner.eu\/index.php\/hausbeschreibung\/","title":{"rendered":"Hausbeschreibung"},"content":{"rendered":"<div class=\"fusion-fullwidth fullwidth-box fusion-builder-row-1 nonhundred-percent-fullwidth non-hundred-percent-height-scrolling\" style=\"--awb-border-radius-top-left:0px;--awb-border-radius-top-right:0px;--awb-border-radius-bottom-right:0px;--awb-border-radius-bottom-left:0px;--awb-padding-top:20px;--awb-padding-right:20px;--awb-padding-left:20px;--awb-background-color:#ffffff;--awb-flex-wrap:wrap;\" ><div class=\"fusion-builder-row fusion-row\"><div class=\"fusion-layout-column fusion_builder_column fusion-builder-column-0 fusion_builder_column_1_1 1_1 fusion-one-full fusion-column-first fusion-column-last\" style=\"--awb-bg-color:#ffffff;--awb-bg-color-hover:#ffffff;--awb-bg-size:cover;--awb-margin-bottom:0px;\"><div class=\"fusion-column-wrapper fusion-column-has-shadow fusion-flex-column-wrapper-legacy\"><div class=\"fusion-image-element in-legacy-container\" style=\"--awb-caption-title-font-family:var(--h2_typography-font-family);--awb-caption-title-font-weight:var(--h2_typography-font-weight);--awb-caption-title-font-style:var(--h2_typography-font-style);--awb-caption-title-size:var(--h2_typography-font-size);--awb-caption-title-transform:var(--h2_typography-text-transform);--awb-caption-title-line-height:var(--h2_typography-line-height);--awb-caption-title-letter-spacing:var(--h2_typography-letter-spacing);\"><span class=\" fusion-imageframe imageframe-none imageframe-1 hover-type-none\"><img data-recalc-dims=\"1\" decoding=\"async\" width=\"1100\" height=\"480\" alt=\"Hausansicht Vorderseite\" title=\"hausansicht-vorderseite\" src=\"https:\/\/i0.wp.com\/wp.haffner.eu\/wp-content\/uploads\/2021\/08\/hausansicht-vorderseite.jpg?resize=1100%2C480&#038;ssl=1\" class=\"img-responsive wp-image-2516\" srcset=\"https:\/\/i0.wp.com\/haffner.eu\/wp-content\/uploads\/2021\/08\/hausansicht-vorderseite.jpg?resize=200%2C87&amp;ssl=1 200w, https:\/\/i0.wp.com\/haffner.eu\/wp-content\/uploads\/2021\/08\/hausansicht-vorderseite.jpg?resize=300%2C131&amp;ssl=1 300w, https:\/\/i0.wp.com\/haffner.eu\/wp-content\/uploads\/2021\/08\/hausansicht-vorderseite.jpg?resize=400%2C175&amp;ssl=1 400w, https:\/\/i0.wp.com\/haffner.eu\/wp-content\/uploads\/2021\/08\/hausansicht-vorderseite.jpg?resize=600%2C262&amp;ssl=1 600w, https:\/\/i0.wp.com\/haffner.eu\/wp-content\/uploads\/2021\/08\/hausansicht-vorderseite.jpg?resize=768%2C335&amp;ssl=1 768w, https:\/\/i0.wp.com\/haffner.eu\/wp-content\/uploads\/2021\/08\/hausansicht-vorderseite.jpg?resize=800%2C349&amp;ssl=1 800w, https:\/\/i0.wp.com\/haffner.eu\/wp-content\/uploads\/2021\/08\/hausansicht-vorderseite.jpg?resize=1024%2C447&amp;ssl=1 1024w, https:\/\/i0.wp.com\/haffner.eu\/wp-content\/uploads\/2021\/08\/hausansicht-vorderseite.jpg?fit=1200%2C524&amp;ssl=1 1200w\" sizes=\"(max-width: 400px) 100vw, 1200px\" \/><\/span><\/div><div class=\"fusion-clearfix\"><\/div><\/div><\/div><div class=\"fusion-layout-column fusion_builder_column fusion-builder-column-1 fusion_builder_column_1_1 1_1 fusion-one-full fusion-column-first fusion-column-last\" style=\"--awb-padding-right:20px;--awb-padding-left:20px;--awb-bg-size:cover;\"><div class=\"fusion-column-wrapper fusion-column-has-shadow fusion-flex-column-wrapper-legacy\"><div class=\"fusion-text fusion-text-1\" style=\"--awb-text-color:#000000;\"><h1>Zu unserem Haus<\/h1>\n<p>24 Wohnungen auf 3 Etagen, 15 Appartements (Typ A) und 9 Suiten (Typ S).<br \/>\nDie Wohnungen sind hell und freundlich tapeziert, haben einen 102 cm gro\u00dfen TV mit Sat-Empfang mit allen frei empfangbaren Kan\u00e4len der Astra Satelliten auf Position 19.2 E.<br \/>\nAlle Wohnr\u00e4ume mit Terrasse oder Balkon liegen zur\u00a0<u>S\u00fcdseite<\/u>\u00a0(Meerseite), die Wohnungen mit Balkon im 1. u. 2. OG haben\u00a0<u>Meersicht<\/u>.<\/p>\n<p>Im Gartenbereich finden Sie unsere Schwimmhalle zum relaxen:<br \/>\nCa. 29 \u00b0C warmes Wasser (Heizperiode: von Oktober bis Ostern), gegenstromschwimmen oder eine Hydromassage genie\u00dfen.<br \/>\nPoolhandt\u00fccher, Badem\u00e4ntel und Liegen sind vorhanden.<\/p>\n<p>Unseren G\u00e4sten stehen M\u00fcnzwaschmaschine und Trockner sowie B\u00fcgeleisen und B\u00fcgelbrett zur Verf\u00fcgung.<\/p>\n<p>Auf Anfrage ist das Mitbringen eines kleinen, ruhigen Hundes bis 8 kg m\u00f6glich.<\/p>\n<\/div><div class=\"fusion-clearfix\"><\/div><\/div><\/div><\/div><\/div>\n","protected":false},"excerpt":{"rendered":"","protected":false},"author":1,"featured_media":0,"parent":0,"menu_order":0,"comment_status":"closed","ping_status":"closed","template":"","meta":{"footnotes":""},"class_list":["post-230","page","type-page","status-publish","hentry"],"yoast_head":"<!-- This site is optimized with the Yoast SEO plugin v27.4 - https:\/\/yoast.com\/product\/yoast-seo-wordpress\/ -->\n<title>Hausbeschreibung &#8902; Apartments Costa Rica auf Gran Canaria<\/title>\n<meta name=\"robots\" content=\"index, follow, max-snippet:-1, max-image-preview:large, max-video-preview:-1\" \/>\n<link rel=\"canonical\" href=\"https:\/\/haffner.eu\/index.php\/hausbeschreibung\/\" \/>\n<meta property=\"og:locale\" content=\"de_DE\" \/>\n<meta property=\"og:type\" content=\"article\" \/>\n<meta property=\"og:title\" content=\"Hausbeschreibung &#8902; Apartments Costa Rica auf Gran Canaria\" \/>\n<meta property=\"og:url\" content=\"https:\/\/haffner.eu\/index.php\/hausbeschreibung\/\" \/>\n<meta property=\"og:site_name\" content=\"Apartments Costa Rica auf Gran Canaria\" \/>\n<meta property=\"article:modified_time\" content=\"2021-12-22T19:02:07+00:00\" \/>\n<meta name=\"twitter:card\" content=\"summary_large_image\" \/>\n<meta name=\"twitter:label1\" content=\"Gesch\u00e4tzte Lesezeit\" \/>\n\t<meta name=\"twitter:data1\" content=\"3\u00a0Minuten\" \/>\n<script type=\"application\/ld+json\" class=\"yoast-schema-graph\">{\"@context\":\"https:\\\/\\\/schema.org\",\"@graph\":[{\"@type\":\"WebPage\",\"@id\":\"https:\\\/\\\/haffner.eu\\\/index.php\\\/hausbeschreibung\\\/\",\"url\":\"https:\\\/\\\/haffner.eu\\\/index.php\\\/hausbeschreibung\\\/\",\"name\":\"Hausbeschreibung &#8902; Apartments Costa Rica auf Gran Canaria\",\"isPartOf\":{\"@id\":\"https:\\\/\\\/haffner.eu\\\/#website\"},\"datePublished\":\"2019-07-08T20:07:03+00:00\",\"dateModified\":\"2021-12-22T19:02:07+00:00\",\"breadcrumb\":{\"@id\":\"https:\\\/\\\/haffner.eu\\\/index.php\\\/hausbeschreibung\\\/#breadcrumb\"},\"inLanguage\":\"de\",\"potentialAction\":[{\"@type\":\"ReadAction\",\"target\":[\"https:\\\/\\\/haffner.eu\\\/index.php\\\/hausbeschreibung\\\/\"]}]},{\"@type\":\"BreadcrumbList\",\"@id\":\"https:\\\/\\\/haffner.eu\\\/index.php\\\/hausbeschreibung\\\/#breadcrumb\",\"itemListElement\":[{\"@type\":\"ListItem\",\"position\":1,\"name\":\"Startseite\",\"item\":\"https:\\\/\\\/haffner.eu\\\/\"},{\"@type\":\"ListItem\",\"position\":2,\"name\":\"Hausbeschreibung\"}]},{\"@type\":\"WebSite\",\"@id\":\"https:\\\/\\\/haffner.eu\\\/#website\",\"url\":\"https:\\\/\\\/haffner.eu\\\/\",\"name\":\"Apartments Costa Rica auf Gran Canaria\",\"description\":\"\",\"potentialAction\":[{\"@type\":\"SearchAction\",\"target\":{\"@type\":\"EntryPoint\",\"urlTemplate\":\"https:\\\/\\\/haffner.eu\\\/?s={search_term_string}\"},\"query-input\":{\"@type\":\"PropertyValueSpecification\",\"valueRequired\":true,\"valueName\":\"search_term_string\"}}],\"inLanguage\":\"de\"}]}<\/script>\n<!-- \/ Yoast SEO plugin. -->","yoast_head_json":{"title":"Hausbeschreibung &#8902; Apartments Costa Rica auf Gran Canaria","robots":{"index":"index","follow":"follow","max-snippet":"max-snippet:-1","max-image-preview":"max-image-preview:large","max-video-preview":"max-video-preview:-1"},"canonical":"https:\/\/haffner.eu\/index.php\/hausbeschreibung\/","og_locale":"de_DE","og_type":"article","og_title":"Hausbeschreibung &#8902; Apartments Costa Rica auf Gran Canaria","og_url":"https:\/\/haffner.eu\/index.php\/hausbeschreibung\/","og_site_name":"Apartments Costa Rica auf Gran Canaria","article_modified_time":"2021-12-22T19:02:07+00:00","twitter_card":"summary_large_image","twitter_misc":{"Gesch\u00e4tzte Lesezeit":"3\u00a0Minuten"},"schema":{"@context":"https:\/\/schema.org","@graph":[{"@type":"WebPage","@id":"https:\/\/haffner.eu\/index.php\/hausbeschreibung\/","url":"https:\/\/haffner.eu\/index.php\/hausbeschreibung\/","name":"Hausbeschreibung &#8902; Apartments Costa Rica auf Gran Canaria","isPartOf":{"@id":"https:\/\/haffner.eu\/#website"},"datePublished":"2019-07-08T20:07:03+00:00","dateModified":"2021-12-22T19:02:07+00:00","breadcrumb":{"@id":"https:\/\/haffner.eu\/index.php\/hausbeschreibung\/#breadcrumb"},"inLanguage":"de","potentialAction":[{"@type":"ReadAction","target":["https:\/\/haffner.eu\/index.php\/hausbeschreibung\/"]}]},{"@type":"BreadcrumbList","@id":"https:\/\/haffner.eu\/index.php\/hausbeschreibung\/#breadcrumb","itemListElement":[{"@type":"ListItem","position":1,"name":"Startseite","item":"https:\/\/haffner.eu\/"},{"@type":"ListItem","position":2,"name":"Hausbeschreibung"}]},{"@type":"WebSite","@id":"https:\/\/haffner.eu\/#website","url":"https:\/\/haffner.eu\/","name":"Apartments Costa Rica auf Gran Canaria","description":"","potentialAction":[{"@type":"SearchAction","target":{"@type":"EntryPoint","urlTemplate":"https:\/\/haffner.eu\/?s={search_term_string}"},"query-input":{"@type":"PropertyValueSpecification","valueRequired":true,"valueName":"search_term_string"}}],"inLanguage":"de"}]}},"jetpack_shortlink":"https:\/\/wp.me\/Pdr8Uo-3I","jetpack_sharing_enabled":true,"_links":{"self":[{"href":"https:\/\/haffner.eu\/index.php\/wp-json\/wp\/v2\/pages\/230","targetHints":{"allow":["GET"]}}],"collection":[{"href":"https:\/\/haffner.eu\/index.php\/wp-json\/wp\/v2\/pages"}],"about":[{"href":"https:\/\/haffner.eu\/index.php\/wp-json\/wp\/v2\/types\/page"}],"author":[{"embeddable":true,"href":"https:\/\/haffner.eu\/index.php\/wp-json\/wp\/v2\/users\/1"}],"replies":[{"embeddable":true,"href":"https:\/\/haffner.eu\/index.php\/wp-json\/wp\/v2\/comments?post=230"}],"version-history":[{"count":72,"href":"https:\/\/haffner.eu\/index.php\/wp-json\/wp\/v2\/pages\/230\/revisions"}],"predecessor-version":[{"id":2947,"href":"https:\/\/haffner.eu\/index.php\/wp-json\/wp\/v2\/pages\/230\/revisions\/2947"}],"wp:attachment":[{"href":"https:\/\/haffner.eu\/index.php\/wp-json\/wp\/v2\/media?parent=230"}],"curies":[{"name":"wp","href":"https:\/\/api.w.org\/{rel}","templated":true}]}}