{"id":219,"date":"2019-07-08T20:10:44","date_gmt":"2019-07-08T19:10:44","guid":{"rendered":"https:\/\/wp.haffner.eu\/?page_id=219"},"modified":"2022-08-19T19:56:01","modified_gmt":"2022-08-19T18:56:01","slug":"index","status":"publish","type":"page","link":"https:\/\/haffner.eu\/","title":{"rendered":"Startseite"},"content":{"rendered":"<p><div class=\"fusion-fullwidth fullwidth-box fusion-builder-row-1 nonhundred-percent-fullwidth non-hundred-percent-height-scrolling\" style=\"--link_hover_color: #ffbb56;--awb-background-blend-mode:overlay;--awb-border-radius-top-left:0px;--awb-border-radius-top-right:0px;--awb-border-radius-bottom-right:0px;--awb-border-radius-bottom-left:0px;--awb-padding-right:20px;--awb-padding-left:20px;--awb-background-color:#ffffff;--awb-flex-wrap:wrap;\" ><div class=\"fusion-builder-row fusion-row\"><div class=\"fusion-layout-column fusion_builder_column fusion-builder-column-0 fusion_builder_column_1_2 1_2 fusion-one-half fusion-column-first\" style=\"--awb-bg-blend:overlay;--awb-bg-size:cover;width:50%;width:calc(50% - ( ( 4% ) * 0.5 ) );margin-right: 4%;\"><div class=\"fusion-column-wrapper fusion-column-has-shadow fusion-flex-column-wrapper-legacy\"><div class=\"fusion-text fusion-text-1\"><div id=\"content\">\n<div id=\"content-inner\" class=\"inner column center\">\n<div id=\"content-header\">\n<h1 class=\"title\">Herzlich willkommen bei Fewo Haffner auf Gran Canaria<\/h1>\n<\/div>\n<div id=\"content-area\">\n<div id=\"node-1\" class=\"node node clearfix node-type-page\">\n<div class=\"node-inner\">\n<div class=\"content\">\n<div id=\"node-image\">\n<div class=\"image-cont\"><\/div>\n<\/div>\n<p style=\"color: #000000;\">Wir begr\u00fc\u00dfen Sie auf unserer Internetseite und freuen uns \u00fcber Ihr Interesse an unserem Apartmenthaus Costa Rica.<\/p>\n<p style=\"color: #000000;\">Das Haus befindet sich an der Strandpromenade von Playa del Ingl\u00e9s in der 2. Reihe, sehr zentral und ruhig gelegen.<\/p>\n<p style=\"color: #000000;\">Das Meer ist 100 Meter entfernt und zum Einkaufszentrum Cita sind es nur 200 Meter.<\/p>\n<\/div>\n<\/div>\n<\/div>\n<\/div>\n<\/div>\n<\/div>\n<div id=\"sidebar-second\" class=\"column sidebar second\">\n<div id=\"sidebar-second-inner\" class=\"inner\">\n<div id=\"block-views-image_gallery-block_1\" class=\"block block-views block-right block-id-31 clearfix odd\">\n<div class=\"block-inner\">\n<div class=\"content\">\n<div class=\"view view-image-gallery view-id-image_gallery view-display-id-block_1 view-dom-id-1\">\n<div class=\"view-content\">\n<div id=\"views_slideshow_singleframe_main_image_gallery-block_1\" class=\"views_slideshow_singleframe_main views_slideshow_main viewsSlideshowSingleFrame-processed\">\n<div id=\"views_slideshow_singleframe_teaser_section_image_gallery-block_1\" class=\"views_slideshow_singleframe_teaser_section\">\n<div id=\"views_slideshow_singleframe_div_image_gallery-block_1_4\" class=\"views_slideshow_singleframe_slide views_slideshow_slide views-row-5 views_slideshow_singleframe_hidden views-row-odd\">\n<div class=\"views-row views-row-0 views-row-first views-row-odd\"><\/div>\n<\/div>\n<\/div>\n<\/div>\n<\/div>\n<\/div>\n<\/div>\n<\/div>\n<\/div>\n<\/div>\n<\/div>\n<\/div><div class=\"fusion-clearfix\"><\/div><\/div><\/div><div class=\"fusion-layout-column fusion_builder_column fusion-builder-column-1 fusion_builder_column_1_2 1_2 fusion-one-half fusion-column-last fusion-column-inner-bg-wrapper\" style=\"--awb-padding-top:40px;--awb-inner-bg-blend:overlay;--awb-inner-bg-size:cover;width:50%;width:calc(50% - ( ( 4% ) * 0.5 ) );\"><span class=\"fusion-column-inner-bg hover-type-zoomin\"><span class=\"fusion-column-anchor\"><span class=\"fusion-column-inner-bg-image\"><\/span><\/span><\/span><div class=\"fusion-column-wrapper fusion-column-has-shadow fusion-flex-column-wrapper-legacy\"><div class=\"fusion-image-element fusion-image-align-center in-legacy-container\" style=\"text-align:center;--awb-caption-title-font-family:var(--h2_typography-font-family);--awb-caption-title-font-weight:var(--h2_typography-font-weight);--awb-caption-title-font-style:var(--h2_typography-font-style);--awb-caption-title-size:var(--h2_typography-font-size);--awb-caption-title-transform:var(--h2_typography-text-transform);--awb-caption-title-line-height:var(--h2_typography-line-height);--awb-caption-title-letter-spacing:var(--h2_typography-letter-spacing);\"><div class=\"imageframe-align-center\"><span class=\" fusion-imageframe imageframe-none imageframe-1 hover-type-none\"><img data-recalc-dims=\"1\" decoding=\"async\" width=\"1024\" height=\"682\" alt=\"Hausansicht R\u00fcckseite\" title=\"Hausansicht R\u00fcckseite\" src=\"https:\/\/i0.wp.com\/wp.haffner.eu\/wp-content\/uploads\/2021\/08\/hausansicht-rueckseite.jpg?resize=1024%2C682&#038;ssl=1\" class=\"img-responsive wp-image-2502\" srcset=\"https:\/\/i0.wp.com\/haffner.eu\/wp-content\/uploads\/2021\/08\/hausansicht-rueckseite.jpg?resize=200%2C133&amp;ssl=1 200w, https:\/\/i0.wp.com\/haffner.eu\/wp-content\/uploads\/2021\/08\/hausansicht-rueckseite.jpg?resize=300%2C200&amp;ssl=1 300w, https:\/\/i0.wp.com\/haffner.eu\/wp-content\/uploads\/2021\/08\/hausansicht-rueckseite.jpg?resize=400%2C266&amp;ssl=1 400w, https:\/\/i0.wp.com\/haffner.eu\/wp-content\/uploads\/2021\/08\/hausansicht-rueckseite.jpg?resize=600%2C400&amp;ssl=1 600w, https:\/\/i0.wp.com\/haffner.eu\/wp-content\/uploads\/2021\/08\/hausansicht-rueckseite.jpg?resize=768%2C512&amp;ssl=1 768w, https:\/\/i0.wp.com\/haffner.eu\/wp-content\/uploads\/2021\/08\/hausansicht-rueckseite.jpg?resize=800%2C533&amp;ssl=1 800w, https:\/\/i0.wp.com\/haffner.eu\/wp-content\/uploads\/2021\/08\/hausansicht-rueckseite.jpg?fit=1024%2C682&amp;ssl=1 1024w\" sizes=\"(max-width: 400px) 100vw, 600px\" \/><\/span><\/div><\/div><div class=\"fusion-clearfix\"><\/div><\/div><\/div><\/div><\/div><\/p>\n","protected":false},"excerpt":{"rendered":"","protected":false},"author":1,"featured_media":0,"parent":0,"menu_order":0,"comment_status":"closed","ping_status":"closed","template":"","meta":{"footnotes":""},"class_list":["post-219","page","type-page","status-publish","hentry"],"yoast_head":"<!-- This site is optimized with the Yoast SEO plugin v27.4 - https:\/\/yoast.com\/product\/yoast-seo-wordpress\/ -->\n<title>Startseite &#8902; Apartments Costa Rica auf Gran Canaria<\/title>\n<meta name=\"description\" content=\"Herzlich willkommen bei Fewo Haffner in Playa del Ingl\u00e9s im S\u00fcden der Insel Gran Canaria.\" \/>\n<meta name=\"robots\" content=\"index, follow, max-snippet:-1, max-image-preview:large, max-video-preview:-1\" \/>\n<link rel=\"canonical\" href=\"https:\/\/haffner.eu\/\" \/>\n<meta property=\"og:locale\" content=\"de_DE\" \/>\n<meta property=\"og:type\" content=\"article\" \/>\n<meta property=\"og:title\" content=\"Startseite &#8902; Apartments Costa Rica auf Gran Canaria\" \/>\n<meta property=\"og:description\" content=\"Herzlich willkommen bei Fewo Haffner in Playa del Ingl\u00e9s im S\u00fcden der Insel Gran Canaria.\" \/>\n<meta property=\"og:url\" content=\"https:\/\/haffner.eu\/\" \/>\n<meta property=\"og:site_name\" content=\"Apartments Costa Rica auf Gran Canaria\" \/>\n<meta property=\"article:modified_time\" content=\"2022-08-19T18:56:01+00:00\" \/>\n<meta name=\"twitter:card\" content=\"summary_large_image\" \/>\n<meta name=\"twitter:label1\" content=\"Gesch\u00e4tzte Lesezeit\" \/>\n\t<meta name=\"twitter:data1\" content=\"4\u00a0Minuten\" \/>\n<script type=\"application\/ld+json\" class=\"yoast-schema-graph\">{\"@context\":\"https:\\\/\\\/schema.org\",\"@graph\":[{\"@type\":\"WebPage\",\"@id\":\"https:\\\/\\\/haffner.eu\\\/\",\"url\":\"https:\\\/\\\/haffner.eu\\\/\",\"name\":\"Startseite &#8902; Apartments Costa Rica auf Gran Canaria\",\"isPartOf\":{\"@id\":\"https:\\\/\\\/haffner.eu\\\/#website\"},\"datePublished\":\"2019-07-08T19:10:44+00:00\",\"dateModified\":\"2022-08-19T18:56:01+00:00\",\"description\":\"Herzlich willkommen bei Fewo Haffner in Playa del Ingl\u00e9s im S\u00fcden der Insel Gran Canaria.\",\"breadcrumb\":{\"@id\":\"https:\\\/\\\/haffner.eu\\\/#breadcrumb\"},\"inLanguage\":\"de\",\"potentialAction\":[{\"@type\":\"ReadAction\",\"target\":[\"https:\\\/\\\/haffner.eu\\\/\"]}]},{\"@type\":\"BreadcrumbList\",\"@id\":\"https:\\\/\\\/haffner.eu\\\/#breadcrumb\",\"itemListElement\":[{\"@type\":\"ListItem\",\"position\":1,\"name\":\"Startseite\",\"item\":\"https:\\\/\\\/haffner.eu\\\/\"},{\"@type\":\"ListItem\",\"position\":2,\"name\":\"Startseite\"}]},{\"@type\":\"WebSite\",\"@id\":\"https:\\\/\\\/haffner.eu\\\/#website\",\"url\":\"https:\\\/\\\/haffner.eu\\\/\",\"name\":\"Apartments Costa Rica auf Gran Canaria\",\"description\":\"\",\"potentialAction\":[{\"@type\":\"SearchAction\",\"target\":{\"@type\":\"EntryPoint\",\"urlTemplate\":\"https:\\\/\\\/haffner.eu\\\/?s={search_term_string}\"},\"query-input\":{\"@type\":\"PropertyValueSpecification\",\"valueRequired\":true,\"valueName\":\"search_term_string\"}}],\"inLanguage\":\"de\"}]}<\/script>\n<!-- \/ Yoast SEO plugin. -->","yoast_head_json":{"title":"Startseite &#8902; Apartments Costa Rica auf Gran Canaria","description":"Herzlich willkommen bei Fewo Haffner in Playa del Ingl\u00e9s im S\u00fcden der Insel Gran Canaria.","robots":{"index":"index","follow":"follow","max-snippet":"max-snippet:-1","max-image-preview":"max-image-preview:large","max-video-preview":"max-video-preview:-1"},"canonical":"https:\/\/haffner.eu\/","og_locale":"de_DE","og_type":"article","og_title":"Startseite &#8902; Apartments Costa Rica auf Gran Canaria","og_description":"Herzlich willkommen bei Fewo Haffner in Playa del Ingl\u00e9s im S\u00fcden der Insel Gran Canaria.","og_url":"https:\/\/haffner.eu\/","og_site_name":"Apartments Costa Rica auf Gran Canaria","article_modified_time":"2022-08-19T18:56:01+00:00","twitter_card":"summary_large_image","twitter_misc":{"Gesch\u00e4tzte Lesezeit":"4\u00a0Minuten"},"schema":{"@context":"https:\/\/schema.org","@graph":[{"@type":"WebPage","@id":"https:\/\/haffner.eu\/","url":"https:\/\/haffner.eu\/","name":"Startseite &#8902; Apartments Costa Rica auf Gran Canaria","isPartOf":{"@id":"https:\/\/haffner.eu\/#website"},"datePublished":"2019-07-08T19:10:44+00:00","dateModified":"2022-08-19T18:56:01+00:00","description":"Herzlich willkommen bei Fewo Haffner in Playa del Ingl\u00e9s im S\u00fcden der Insel Gran Canaria.","breadcrumb":{"@id":"https:\/\/haffner.eu\/#breadcrumb"},"inLanguage":"de","potentialAction":[{"@type":"ReadAction","target":["https:\/\/haffner.eu\/"]}]},{"@type":"BreadcrumbList","@id":"https:\/\/haffner.eu\/#breadcrumb","itemListElement":[{"@type":"ListItem","position":1,"name":"Startseite","item":"https:\/\/haffner.eu\/"},{"@type":"ListItem","position":2,"name":"Startseite"}]},{"@type":"WebSite","@id":"https:\/\/haffner.eu\/#website","url":"https:\/\/haffner.eu\/","name":"Apartments Costa Rica auf Gran Canaria","description":"","potentialAction":[{"@type":"SearchAction","target":{"@type":"EntryPoint","urlTemplate":"https:\/\/haffner.eu\/?s={search_term_string}"},"query-input":{"@type":"PropertyValueSpecification","valueRequired":true,"valueName":"search_term_string"}}],"inLanguage":"de"}]}},"jetpack_shortlink":"https:\/\/wp.me\/Pdr8Uo-3x","jetpack_sharing_enabled":true,"_links":{"self":[{"href":"https:\/\/haffner.eu\/index.php\/wp-json\/wp\/v2\/pages\/219","targetHints":{"allow":["GET"]}}],"collection":[{"href":"https:\/\/haffner.eu\/index.php\/wp-json\/wp\/v2\/pages"}],"about":[{"href":"https:\/\/haffner.eu\/index.php\/wp-json\/wp\/v2\/types\/page"}],"author":[{"embeddable":true,"href":"https:\/\/haffner.eu\/index.php\/wp-json\/wp\/v2\/users\/1"}],"replies":[{"embeddable":true,"href":"https:\/\/haffner.eu\/index.php\/wp-json\/wp\/v2\/comments?post=219"}],"version-history":[{"count":72,"href":"https:\/\/haffner.eu\/index.php\/wp-json\/wp\/v2\/pages\/219\/revisions"}],"predecessor-version":[{"id":3238,"href":"https:\/\/haffner.eu\/index.php\/wp-json\/wp\/v2\/pages\/219\/revisions\/3238"}],"wp:attachment":[{"href":"https:\/\/haffner.eu\/index.php\/wp-json\/wp\/v2\/media?parent=219"}],"curies":[{"name":"wp","href":"https:\/\/api.w.org\/{rel}","templated":true}]}}